{"id":6,"date":"2023-04-17T14:38:46","date_gmt":"2023-04-17T14:38:46","guid":{"rendered":"https:\/\/lindaschoewerling.de\/?page_id=6"},"modified":"2024-09-01T12:26:36","modified_gmt":"2024-09-01T12:26:36","slug":"ueber-uns","status":"publish","type":"page","link":"https:\/\/lindaschoewerling.de\/?page_id=6","title":{"rendered":"SCH\u00d6N, DASS DU DA BIST."},"content":{"rendered":"\n<div class=\"wp-block-media-text alignfull is-stacked-on-mobile is-vertically-aligned-center\"><figure class=\"wp-block-media-text__media\"><img loading=\"lazy\" decoding=\"async\" width=\"682\" height=\"1024\" src=\"https:\/\/lindaschoewerling.de\/wp-content\/uploads\/2024\/09\/IMG_0959-682x1024.jpg\" alt=\"\" class=\"wp-image-330 size-full\" srcset=\"https:\/\/lindaschoewerling.de\/wp-content\/uploads\/2024\/09\/IMG_0959-682x1024.jpg 682w, https:\/\/lindaschoewerling.de\/wp-content\/uploads\/2024\/09\/IMG_0959-200x300.jpg 200w, https:\/\/lindaschoewerling.de\/wp-content\/uploads\/2024\/09\/IMG_0959-768x1154.jpg 768w, https:\/\/lindaschoewerling.de\/wp-content\/uploads\/2024\/09\/IMG_0959-400x601.jpg 400w, https:\/\/lindaschoewerling.de\/wp-content\/uploads\/2024\/09\/IMG_0959-800x1202.jpg 800w, https:\/\/lindaschoewerling.de\/wp-content\/uploads\/2024\/09\/IMG_0959.jpg 852w\" sizes=\"auto, (max-width: 682px) 100vw, 682px\" \/><\/figure><div class=\"wp-block-media-text__content\">\n<p class=\"has-text-align-center has-extra-small-font-size\">Mich begleitet seit l\u00e4ngerem die Frage, was ist eigentlich Begegnung?<br>Was bedeutet Begegnung f\u00fcr andere, f\u00fcr mich und f\u00fcr uns alle zusammen? Ist es eine subjektive Meinung oder l\u00e4sst die sich auch objektivieren? Begegnen wir uns auch selbst, wenn wir anderen begegnen? Wachsen wir an Begegnungen?<br><br>Seitdem ich fotografiere, bin ich fasziniert davon, wie die Fotografie von der Begegnung lebt. Jetzt m\u00f6chte ich f\u00fcr euch einen Ort der Begegnung er\u00f6ffnen. Wir begegnen uns, ihr begegnet euch, du begegnest mir und ich begegne dir&#8230;<br><br>Ich hei\u00dfe Linda, bin 28 Jahre alt und arbeite als freiberufliche Fotografin. Ich bin immer wieder fasziniert mit euch allen die Erfahrungen von Begegnungen zu sammeln und zu teilen. Schreibt mir eine Mail oder ruft fix durch. Ich freue mich sehr von euch zu h\u00f6ren und Teil eurer Projekte zu sein!<\/p>\n<\/div><\/div>\n","protected":false},"excerpt":{"rendered":"<p>Mich begleitet seit l\u00e4ngerem die Frage, was ist eigentlich Begegnung?Was bedeutet Begegnung f\u00fcr andere, f\u00fcr mich und f\u00fcr uns alle zusammen? Ist es eine subjektive Meinung oder l\u00e4sst die sich auch objektivieren? Begegnen wir uns auch selbst, wenn wir anderen begegnen? Wachsen wir an Begegnungen? Seitdem ich fotografiere, bin ich fasziniert davon, wie die Fotografie [&hellip;]<\/p>\n","protected":false},"author":1,"featured_media":0,"parent":0,"menu_order":0,"comment_status":"closed","ping_status":"closed","template":"","meta":{"footnotes":""},"class_list":["post-6","page","type-page","status-publish","hentry","missing-thumbnail"],"yoast_head":"<!-- This site is optimized with the Yoast SEO plugin v24.9 - https:\/\/yoast.com\/wordpress\/plugins\/seo\/ -->\n<title>SCH\u00d6N, DASS DU DA BIST. - Linda Sch\u00f6werling<\/title>\n<meta name=\"robots\" content=\"index, follow, max-snippet:-1, max-image-preview:large, max-video-preview:-1\" \/>\n<link rel=\"canonical\" href=\"https:\/\/lindaschoewerling.de\/?page_id=6\" \/>\n<meta property=\"og:locale\" content=\"de_DE\" \/>\n<meta property=\"og:type\" content=\"article\" \/>\n<meta property=\"og:title\" content=\"SCH\u00d6N, DASS DU DA BIST. - Linda Sch\u00f6werling\" \/>\n<meta property=\"og:description\" content=\"Mich begleitet seit l\u00e4ngerem die Frage, was ist eigentlich Begegnung?Was bedeutet Begegnung f\u00fcr andere, f\u00fcr mich und f\u00fcr uns alle zusammen? Ist es eine subjektive Meinung oder l\u00e4sst die sich auch objektivieren? Begegnen wir uns auch selbst, wenn wir anderen begegnen? Wachsen wir an Begegnungen? Seitdem ich fotografiere, bin ich fasziniert davon, wie die Fotografie [&hellip;]\" \/>\n<meta property=\"og:url\" content=\"https:\/\/lindaschoewerling.de\/?page_id=6\" \/>\n<meta property=\"og:site_name\" content=\"Linda Sch\u00f6werling\" \/>\n<meta property=\"article:modified_time\" content=\"2024-09-01T12:26:36+00:00\" \/>\n<meta property=\"og:image\" content=\"https:\/\/lindaschoewerling.de\/wp-content\/uploads\/2024\/09\/IMG_0959-682x1024.jpg\" \/>\n<meta name=\"twitter:card\" content=\"summary_large_image\" \/>\n<meta name=\"twitter:label1\" content=\"Gesch\u00e4tzte Lesezeit\" \/>\n\t<meta name=\"twitter:data1\" content=\"1\u00a0Minute\" \/>\n<script type=\"application\/ld+json\" class=\"yoast-schema-graph\">{\"@context\":\"https:\/\/schema.org\",\"@graph\":[{\"@type\":\"WebPage\",\"@id\":\"https:\/\/lindaschoewerling.de\/?page_id=6\",\"url\":\"https:\/\/lindaschoewerling.de\/?page_id=6\",\"name\":\"SCH\u00d6N, DASS DU DA BIST. - Linda Sch\u00f6werling\",\"isPartOf\":{\"@id\":\"https:\/\/lindaschoewerling.de\/#website\"},\"primaryImageOfPage\":{\"@id\":\"https:\/\/lindaschoewerling.de\/?page_id=6#primaryimage\"},\"image\":{\"@id\":\"https:\/\/lindaschoewerling.de\/?page_id=6#primaryimage\"},\"thumbnailUrl\":\"https:\/\/lindaschoewerling.de\/wp-content\/uploads\/2024\/09\/IMG_0959-682x1024.jpg\",\"datePublished\":\"2023-04-17T14:38:46+00:00\",\"dateModified\":\"2024-09-01T12:26:36+00:00\",\"breadcrumb\":{\"@id\":\"https:\/\/lindaschoewerling.de\/?page_id=6#breadcrumb\"},\"inLanguage\":\"de\",\"potentialAction\":[{\"@type\":\"ReadAction\",\"target\":[\"https:\/\/lindaschoewerling.de\/?page_id=6\"]}]},{\"@type\":\"ImageObject\",\"inLanguage\":\"de\",\"@id\":\"https:\/\/lindaschoewerling.de\/?page_id=6#primaryimage\",\"url\":\"https:\/\/lindaschoewerling.de\/wp-content\/uploads\/2024\/09\/IMG_0959.jpg\",\"contentUrl\":\"https:\/\/lindaschoewerling.de\/wp-content\/uploads\/2024\/09\/IMG_0959.jpg\",\"width\":852,\"height\":1280},{\"@type\":\"BreadcrumbList\",\"@id\":\"https:\/\/lindaschoewerling.de\/?page_id=6#breadcrumb\",\"itemListElement\":[{\"@type\":\"ListItem\",\"position\":1,\"name\":\"Startseite\",\"item\":\"https:\/\/lindaschoewerling.de\/\"},{\"@type\":\"ListItem\",\"position\":2,\"name\":\"SCH\u00d6N, DASS DU DA BIST.\"}]},{\"@type\":\"WebSite\",\"@id\":\"https:\/\/lindaschoewerling.de\/#website\",\"url\":\"https:\/\/lindaschoewerling.de\/\",\"name\":\"Linda Sch\u00f6werling\",\"description\":\"\",\"potentialAction\":[{\"@type\":\"SearchAction\",\"target\":{\"@type\":\"EntryPoint\",\"urlTemplate\":\"https:\/\/lindaschoewerling.de\/?s={search_term_string}\"},\"query-input\":{\"@type\":\"PropertyValueSpecification\",\"valueRequired\":true,\"valueName\":\"search_term_string\"}}],\"inLanguage\":\"de\"}]}<\/script>\n<!-- \/ Yoast SEO plugin. -->","yoast_head_json":{"title":"SCH\u00d6N, DASS DU DA BIST. - Linda Sch\u00f6werling","robots":{"index":"index","follow":"follow","max-snippet":"max-snippet:-1","max-image-preview":"max-image-preview:large","max-video-preview":"max-video-preview:-1"},"canonical":"https:\/\/lindaschoewerling.de\/?page_id=6","og_locale":"de_DE","og_type":"article","og_title":"SCH\u00d6N, DASS DU DA BIST. - Linda Sch\u00f6werling","og_description":"Mich begleitet seit l\u00e4ngerem die Frage, was ist eigentlich Begegnung?Was bedeutet Begegnung f\u00fcr andere, f\u00fcr mich und f\u00fcr uns alle zusammen? Ist es eine subjektive Meinung oder l\u00e4sst die sich auch objektivieren? Begegnen wir uns auch selbst, wenn wir anderen begegnen? Wachsen wir an Begegnungen? Seitdem ich fotografiere, bin ich fasziniert davon, wie die Fotografie [&hellip;]","og_url":"https:\/\/lindaschoewerling.de\/?page_id=6","og_site_name":"Linda Sch\u00f6werling","article_modified_time":"2024-09-01T12:26:36+00:00","og_image":[{"url":"https:\/\/lindaschoewerling.de\/wp-content\/uploads\/2024\/09\/IMG_0959-682x1024.jpg","type":"","width":"","height":""}],"twitter_card":"summary_large_image","twitter_misc":{"Gesch\u00e4tzte Lesezeit":"1\u00a0Minute"},"schema":{"@context":"https:\/\/schema.org","@graph":[{"@type":"WebPage","@id":"https:\/\/lindaschoewerling.de\/?page_id=6","url":"https:\/\/lindaschoewerling.de\/?page_id=6","name":"SCH\u00d6N, DASS DU DA BIST. - Linda Sch\u00f6werling","isPartOf":{"@id":"https:\/\/lindaschoewerling.de\/#website"},"primaryImageOfPage":{"@id":"https:\/\/lindaschoewerling.de\/?page_id=6#primaryimage"},"image":{"@id":"https:\/\/lindaschoewerling.de\/?page_id=6#primaryimage"},"thumbnailUrl":"https:\/\/lindaschoewerling.de\/wp-content\/uploads\/2024\/09\/IMG_0959-682x1024.jpg","datePublished":"2023-04-17T14:38:46+00:00","dateModified":"2024-09-01T12:26:36+00:00","breadcrumb":{"@id":"https:\/\/lindaschoewerling.de\/?page_id=6#breadcrumb"},"inLanguage":"de","potentialAction":[{"@type":"ReadAction","target":["https:\/\/lindaschoewerling.de\/?page_id=6"]}]},{"@type":"ImageObject","inLanguage":"de","@id":"https:\/\/lindaschoewerling.de\/?page_id=6#primaryimage","url":"https:\/\/lindaschoewerling.de\/wp-content\/uploads\/2024\/09\/IMG_0959.jpg","contentUrl":"https:\/\/lindaschoewerling.de\/wp-content\/uploads\/2024\/09\/IMG_0959.jpg","width":852,"height":1280},{"@type":"BreadcrumbList","@id":"https:\/\/lindaschoewerling.de\/?page_id=6#breadcrumb","itemListElement":[{"@type":"ListItem","position":1,"name":"Startseite","item":"https:\/\/lindaschoewerling.de\/"},{"@type":"ListItem","position":2,"name":"SCH\u00d6N, DASS DU DA BIST."}]},{"@type":"WebSite","@id":"https:\/\/lindaschoewerling.de\/#website","url":"https:\/\/lindaschoewerling.de\/","name":"Linda Sch\u00f6werling","description":"","potentialAction":[{"@type":"SearchAction","target":{"@type":"EntryPoint","urlTemplate":"https:\/\/lindaschoewerling.de\/?s={search_term_string}"},"query-input":{"@type":"PropertyValueSpecification","valueRequired":true,"valueName":"search_term_string"}}],"inLanguage":"de"}]}},"_links":{"self":[{"href":"https:\/\/lindaschoewerling.de\/index.php?rest_route=\/wp\/v2\/pages\/6","targetHints":{"allow":["GET"]}}],"collection":[{"href":"https:\/\/lindaschoewerling.de\/index.php?rest_route=\/wp\/v2\/pages"}],"about":[{"href":"https:\/\/lindaschoewerling.de\/index.php?rest_route=\/wp\/v2\/types\/page"}],"author":[{"embeddable":true,"href":"https:\/\/lindaschoewerling.de\/index.php?rest_route=\/wp\/v2\/users\/1"}],"replies":[{"embeddable":true,"href":"https:\/\/lindaschoewerling.de\/index.php?rest_route=%2Fwp%2Fv2%2Fcomments&post=6"}],"version-history":[{"count":8,"href":"https:\/\/lindaschoewerling.de\/index.php?rest_route=\/wp\/v2\/pages\/6\/revisions"}],"predecessor-version":[{"id":331,"href":"https:\/\/lindaschoewerling.de\/index.php?rest_route=\/wp\/v2\/pages\/6\/revisions\/331"}],"wp:attachment":[{"href":"https:\/\/lindaschoewerling.de\/index.php?rest_route=%2Fwp%2Fv2%2Fmedia&parent=6"}],"curies":[{"name":"wp","href":"https:\/\/api.w.org\/{rel}","templated":true}]}}